{"id":6676,"date":"2026-02-12T00:44:41","date_gmt":"2026-02-11T23:44:41","guid":{"rendered":"https:\/\/army-of-mahdi.com\/member\/?page_id=6676"},"modified":"2026-03-03T05:37:46","modified_gmt":"2026-03-03T04:37:46","slug":"heilstrom-technik","status":"publish","type":"page","link":"https:\/\/army-of-mahdi.com\/member\/heilstrom-technik\/","title":{"rendered":"Heilstrom-Technik"},"content":{"rendered":"\n<figure class=\"wp-block-image size-large\"><img decoding=\"async\" src=\"https:\/\/army-of-mahdi.com\/download\/heilstrom\/AbdullahMehdi100\u00a9Heilstrom_Technik.jpg\" alt=\"\"\/><\/figure>\n\n\n\n<h4 class=\"wp-block-heading\">Heilstrom\u00a9 Technik<br>von Abdullah Mehdi<\/h4>\n\n\n\n<p><strong>Die Technik der Sch\u00f6pfung<\/strong><\/p>\n\n\n\n<p>Die Heilstrom\u00a9 Technik funktioniert nach dem Ma\u00df der Sch\u00f6pfung. \u00dcber dieses Ma\u00df wird die Kraft der Dimension 9 so unterteilt, dass es in alle anderen Dimensionen kann eingreifen. Auch in die Dimension 1 der Zeit und seinen Richtungen. Mit dieser Technik, kann zum Beispiel die Neutralit\u00e4t der Zeit zum schweben oder zur Heilung genutzt werden. Mehr Informationen zum Heilstrom\u00a9 erf\u00e4hrst du unter: army-of-mahdi.com<\/p>\n\n\n\n<p><strong>Zeitenkr\u00e4fte\u00a9 <\/strong>kurz erkl\u00e4rt. Dies ist die wechselnde Kraft in den diesseitigen Zeiten (Hak &amp; Batl), bezogen auf die Fl\u00e4che der Erden. Die Quelle dieser Kraft entspringt aus dem Jenseitigen. Aus dem Segen 10 (Bereket), dem Glanz des Herren (Nur). Die Spannung der Zeit, ist sich zwischen der Zukunft (Sonne) und der Vergangenheit (Mond) am aufbauen. Und am wechseln. Die Mitte von diesem Strom, ist die Gegenwart am erzeugen. Die Vollmondn\u00e4chte bilden dabei die h\u00f6chsten Spannungsphasen.<\/p>\n\n\n\n<p><strong>Heilstrom\u00a9<\/strong> kurz erkl\u00e4rt. Dies ist der wahre Strom aus dem Glanz des Herren (Nur). Erzeugt aus den Zyklen des Irdischen (Hak &amp; Batl). Dieser Strom, wird \u00fcber die Zeitenkr\u00e4fte\u00a9 dimensional so verbunden, dass es den nat\u00fcrlichen Zeitfluss tut entgegen wirken. Der Strom wird aus seiner Gegenwart hin zu dessen Zukunft geschlossen. Es hat den wundersamen Effekt, dass die vergangenen Kr\u00e4fte, zur\u00fcck in die Gegenwart wirken.<\/p>\n\n\n\n<p>Der Heilstrom\u00a9 beweist im Diesseits, die jenseitigen Gaben unseres Herren. Und seine gro\u00dfe Gnade auf den Menschen. Mit der Offenbarung der Heilstrom\u00a9Technik, geh\u00f6rt Abdullah Mehdi zu den h\u00f6chsten der Gelehrten. Er soll die Grundlagen zur Berechnung zum Heilstrom\u00a9 und dessen&nbsp;Zeitenkr\u00e4fte\u00a9 den Gl\u00e4ubigen \u00fcberreichen. Allah sein Herr hat ihm das verk\u00fcndet und befohlen. Das Wissen \u00fcber den Heilstrom\u00a9 geh\u00f6rt zum Heiligtum der Muslimen.<\/p>\n\n\n\n<p><strong>Das ideale Ma\u00df<\/strong><\/p>\n\n\n\n<p>Der Mensch steht im Mittelpunkt der Heilstrom\u00a9 Technik. \u00dcber den Menschen kann man das ideale Ma\u00df der Sch\u00f6pfung am sch\u00f6nsten erkennen. Die Teilung von diesem Ideal ist den Goldenen Schnitt am ergeben. Dieser entsteht im Zyklus der Segnungen, \u00fcber die Dimension 5 des Menschen. Die Mitte von 9 Dimensionen. Der Heilstrom\u00a9 bildet den Bereich der Teilung, der verbunden ist, mit dem Zustand des Wahren. So bildet die obere H\u00e4lfte des menschlichen K\u00f6rpers den wahren Bereich, in der sich die lebenswichtigen Organe befinden. Der Bauchnabel ist diese erste Verbindung und Trennung gewesen, \u00fcber dem es im Mutterleib versorgt wurde mit dem N\u00f6tigsten. Auch kam er nach dem neunten Monat in das irdische Leben und sah im zehnten Monat den Glanz vom Segen.<\/p>\n\n\n\n<p>Der Goldene Schnitt vom Oberk\u00f6rper ist genau der Punkt, an dem das Herz tut schlagen. \u00dcber diese Stelle ist der Mensch mit dem Heilstrom\u00a9 verbunden. Hier scheint in Wahrheit der zeitlose Glanz (Nur) des Herren. Auch kann er \u00fcber sein Herz sprechen. Sogar nur mit den Str\u00f6men des Nicht-Materiellen. Und in einer Sprache, was alle verstehen. \u00dcber diese eine Verbindung zum Herzen, hat Allah den Quran herab gesandt auf Muhammed, seinem letzten Gesandten. Der Segen sei auf ihm, auch der Frieden. Der Islam ist die Religion bei Allah und ist mit dem ideal Ma\u00df der Sch\u00f6pfung verbunden. In Wahrheit ist die Sch\u00f6pfung sich an den Quran am binden. Nicht, der Quran sich an die Gesetze des Erschaffenem. Allahs Worte z\u00e4hlen zum H\u00f6chsten.<\/p>\n\n\n\n<p>Die Gl\u00e4ubigen sind mit der Heilstrom\u00a9 Technik, nicht nur \u00fcber ihren K\u00f6rper verbunden, sondern auch mit ihrem Glauben und ihren religi\u00f6sen Diensten. Zum Beispiel durch die Verrichtung der Gebete und Mekka als Richtung. Das Fasten im Ramadan ist eine Art, Umpolung der Kraftzufuhr in Monat dem 9 ten, um den Glanz (Nur) von Allah im Segen 10 wirken zu lassen. Auch die Pilgerfahrt nach Mekka, f\u00fchrt zum Goldenen Schnitt auf Erden. Alles Kraft und Macht ist nur Allah am geh\u00f6ren. Die Propheten kannten das Wissen \u00fcber den jenseitigen Strom des Herren. Auch seine wundersamen Auswirkungen. So durften sie im Namen Allahs vorbereiten, die Menschheit auf die Religion des Einzigen.<\/p>\n\n\n\n<p><strong>Zeitenkr\u00e4fte\u00a9Gleichstrom<\/strong> D1 bis D9<br>Von Westen nach Osten &#8211; Himmlisch<br>Faktor 10 Dauerhaft<\/p>\n\n\n\n<p><strong>Zeitenkr\u00e4fte\u00a9Wechselspannung<\/strong> D1 bis D6<br>Zwischen Norden &amp; S\u00fcden &#8211; Irdisch<br>Zyklus 360 \/ 12 <br>Pol1 Zukunft Pol2 Vergangenheit<br>Pol2 Zukunft Pol1 Vergangenheit<\/p>\n\n\n\n<p><strong>Zeitenkr\u00e4fte\u00a9Neutrale<\/strong> D5<br>Zugang zu beiden Zeiten<br>\u00fcber die Dimension 5 des Menschen<\/p>\n\n\n\n<p><strong>Zeitenkr\u00e4fte\u00a9Zeitenfl\u00e4che <\/strong>D4<br>360 Tage durch Fl\u00e4che NordS\u00fcd x WestOst<\/p>\n\n\n<hr \/>\n<p>&nbsp;<\/p>\n\n\n<h3 class=\"wp-block-heading\">Heilstrom\u00a9 Gewinnungsverfahren<\/h3>\n\n\n\n<p><a href=\"#zeitenresonanz\"><\/a><a href=\"https:\/\/army-of-mahdi.com\/member\/heilstrom-sonnenmondlicht\/\">Sonnenmondlicht\u00a9<\/a> &nbsp;&nbsp;&nbsp; Heilstromgewinnung durch Licht<br><a href=\"https:\/\/army-of-mahdi.com\/member\/heilstrom-zeitenresonanz\/\">Zeitenresonanz\u00a9<\/a> &nbsp;&nbsp;&nbsp;&nbsp;&nbsp;&nbsp; Heilstromgewinnung durch Wechselstrom<br><a href=\"https:\/\/army-of-mahdi.com\/member\/heiltrom-mosessteinweg\/\">Mosissteinweg\u00a9<\/a> &nbsp;&nbsp;&nbsp;&nbsp;&nbsp;&nbsp;&nbsp; Heilstromgewinnung durch Gestein<br><a href=\"https:\/\/army-of-mahdi.com\/member\/heilstrom-salomonswind\/\">Salomonswind\u00a9<\/a> &nbsp;&nbsp;&nbsp;&nbsp;&nbsp;&nbsp;&nbsp; Heilstromgewinnung durch Wind<br><a href=\"https:\/\/army-of-mahdi.com\/member\/heilstrom-hzrsozean\/\">Hzrsozean\u00a9<\/a> &nbsp;&nbsp;&nbsp;&nbsp;&nbsp;&nbsp;&nbsp;&nbsp;&nbsp;&nbsp;&nbsp;&nbsp;&nbsp; Heilstromgewinnung durch Wasser<br><a href=\"https:\/\/army-of-mahdi.com\/member\/heilstrom-mehdikraft\/\">MehdiKraft\u00a9<\/a> &nbsp;&nbsp;&nbsp;&nbsp;&nbsp;&nbsp;&nbsp;&nbsp;&nbsp;&nbsp;&nbsp;&nbsp; Heilstromgewinnung \u00fcber die Pole &amp; Mekka<\/p>\n\n\n\n<p>Im Namen des Herren. Abdullah Mehdi soll erkl\u00e4ren, wie man den Heilstrom\u00a9 kann Technisch erzeugen. Es gibt verschiedene M\u00f6glichkeiten. Die Kraft str\u00f6mt durch 9 Dimensionen. Die Armee von Mehdi m\u00f6chte sich Haupts\u00e4chlich auf die MehdiKraft\u00a9 Technologie konzentrieren. Die Heilstrom Verbindung\u00a9 \u00fcber die Pole &amp; Mekka zusammen. Diese Methode ist die M\u00e4chtigste unter allen. Es benutzt die Breite der Erdoberfl\u00e4che bis zu dessen Grenzen.<\/p>\n\n\n\n<p>Andere bedeutenden M\u00f6glichkeiten der Heilstrom\u00a9 Gewinnung sollen hier auch beschrieben werden. Damit die Gl\u00e4ubigen ein Verst\u00e4ndnis \u00fcber die Zeitenkr\u00e4fte\u00a9 und der Heilstrom\u00a9 Technik bekommen. Die Entwicklung der Armee von Mehdi dient mit Allahs Erlaubnis zum Wohle der Gl\u00e4ubigen. Nicht zum Wohle von Nasa, Hollywood oder diesen Schurken Staaten. Das sind alles nur vom Juden seine Soldaten. Diese Verr\u00e4ter w\u00fcrden die M\u00f6glichkeiten des Heilstroms nur Missbrauchen. <\/p>\n\n\n\n<p>Die Heilstrom Technologie sowie das Wissen dar\u00fcber geh\u00f6rt zum Heiligtum der Muslimen. Deshalb weil sie in die Zeit eingreifen. Der Quran ist davon am berichten. Diese Technologie generiert die Jenseitigen Kr\u00e4fte, welche das Volk nur durch den Glauben an das Verborgene tut kennen. Ein Missbrauch dieser Kraft ist als Hochverrat an der Religion am gelten. Missbrauch bedeutet, dieses Wissen unter Ausschuss von Allah als Macht zu nutzen. Alles Kraft und Macht ist nur Allah am geh\u00f6ren.<\/p>\n\n\n\n<p>Warum ist der Heilstrom\u00a9 m\u00f6glich. Der Heilstrom ist deshalb m\u00f6glich, weil Allah es m\u00f6glich werden l\u00e4sst. Die Kraft des reinen Stroms l\u00e4sst Allah schneller flie\u00dfen, als wie in der Wirkungszeit des Materiellen, welches wir als Tag und Nachtwechsel kennen. Die Juden lie\u00dfen durch ihren Stein, diesen Einstein, dem Deutschen Volke die Zeit als un\u00fcberwindbar propagieren. Jedoch haben verschwiegen, die zeitlich Neutrale der Dimension 5 der Mitten. Die schlauen Deutschen konnten sie so mit ihrem eigenen Stolz besiegen. \u00c4hnlich wie mit diesem Hitler, diesem Schweizer Juden. In wahrheit haben sie die Deutschen mehr gefangen. Der Deutsche soll f\u00fcr sie Bauen und die Klappe halten. Und blo\u00df mit dem T\u00fcrken keine gemeinsame Sache machen. Allah ist Abdullah Mehdi gen\u00fcge, um deren L\u00fcgen aufzudecken. Und die Muslime aufzuwecken. Schaut nur, ihr Diener des Edlen. Schaut nur, ihr gerechten Deutschen.<\/p>\n\n\n\n<p>Die wundersamen Auswirkungen des Heilstroms m\u00f6chte ich weiter erkl\u00e4ren. Mit diesem Strom ist es zum Beispiel m\u00f6glich, die Haut wieder in seinen zeitlich neutralen Ursprung zu versetzen. Dies ist die Zeit der k\u00f6rperlichen Reife von ungef\u00e4hr 33 Jahren. Es ist das Alter von Adam in den Paradiesen. Die Geburt und das Ableben der S\u00f6hne Adams ist nur ein Anfangs und Endprozess des Diesseitigen. Alles Information zum Leben kommt hervor in Vollkommener Vorm aus dem Jenseitigen. Der Heilstrom\u00a9 ist durch seine Wirkung diese verborgene Erbinformation am beweisen. Die Erbinformationen der Gene sind nur nat\u00fcrliche Speicher des Materiellen. Sie selber beziehen ihre Information aus dem &#8222;Nur&#8220; dem Glanz des Vollkommenen. In nicht materieller Vorm kann nur Allah grenzenlos speichern und erschaffen. Seine Sch\u00f6pfung kann nur auf das erschaffene begrenzt speichern und kopieren. Eine weitere Besonderheit des Heilstroms ist, es l\u00e4sst die Materie schweben. So auch den Menschen, wie von Engel getragen. Und noch viele andere unglaubliche M\u00f6glichkeiten, die man Real wird erleben.<\/p>\n\n\n\n<p>Zum Verst\u00e4ndnis f\u00fcr die Elektriker. Die Elektriker zum Beispiel, benutzen die Stromkraft, ohne es zu dimensionieren. Die Stromf\u00fchrende Leitung, den sie benutzen, ist eigentlich die Dimension 9 der Kraft. Die Erdung, oder auch der Neutralleiter ist die Neutrale&nbsp;der Dimension 4 der Erden. Dieser D4 Leiter dient, um die aufgeladene Kraft, <strong>im Laufe der Zeit<\/strong> zu \u00fcbertragen. Das ist der nat\u00fcrliche Werdegang der Kr\u00e4fte in den Zeiten. Der D5 Neutralleiter aus der Dimension 5 des Menschen jedoch, ist die Neutrale zwischen allen 9 Dimensionen. Mit dieser Leitung l\u00e4sst sich <strong>Zeitlos <\/strong>\u00fcbertragen. \u00dcber diesen Zugang D5 kann der Strom zu beiden Seiten der Zeit geschlossen werden. Also der Wahre Pol der Zukunft, mit seinem Zyklus des Vergangenem. Die zugef\u00fcgte Kraft ist dann auf den nat\u00fcrlichen Zeitfluss am wirken. So kann die Neutralit\u00e4t der Zeit zum schweben oder zur Heilung genutzt werden.<\/p>\n\n\n\n<p>Zum Verst\u00e4ndnis f\u00fcr den Muslim. Allah sein Glanz hei\u00dft \u201eNur\u201c auf Arabisch. Der \u201eNur\u201c selbst ist Zeitlos am gl\u00e4nzen. Und besitzt nur einen Zustand des Wahren \u201eHak\u201c. Genauso wie der Zustand von Allah, den Engeln oder auch dem Jenseitigen. Aus diesem Glanz \u201eNur\u201c entsteht das Licht dieser Welt. Der Glanz von Allah teilt sich im Diesseits, in die zwei Zust\u00e4nde (Hak \/ Batl) der Zeit. \u00dcber die Zeitenkr\u00e4fte\u00a9 sind diese verbunden. Die Zuk\u00fcnftige Kraft strahlt von der Sonne und die vergangene Kraft strahlt \u00fcber den Mond. <strong>Beides ist die Erde selbst in seinen unterschiedlichen Zeiten<\/strong>. Davon besitzt der zuk\u00fcnftige Zustand die Eigenschaft vom Wahren. Allah hat Abdullah Mehdi ein \u00dcberma\u00df an Wissen gegeben. Womit er seinen Herren tut Loben. Er soll den \u201eNur\u201c den Glanz von Allah, \u00fcber das Diesseitige Technisch erkl\u00e4ren und mit Allahs Erlaubnis beweisen. Die reine Stromkraft kommt auch hervor aus dem &#8222;Nur&#8220;, dem Glanz des Herren. Und bekommt im Zyklus der Segnungen im Diesseits auch zwei Zust\u00e4nde, + \u2013 Zukunft und + \u2013 Vergangenheit. Besser formuliert ohne Plus Minus bedeutet es, wahre Kraft hin zum Diesseitigen und unwahre Kraft hin zum Diesseitigen. Der reine Strom (Elektrik) ist in der Sch\u00f6pfung, diese verbundene Kraft der wechselnden Zust\u00e4nde \u201eHak\u201c und \u201eBatl\u201c, von den diesseitigen Zeiten, \u00fcber die Natur des Menschen. Mit der Heilstrom\u00a9 Technik von Abdullah Mehdi ist es m\u00f6glich diese Kr\u00e4fte \u201eHak\u201c und \u201eBatl\u201c dimensional zu verbinden und draus den wahren Strom, den Heilstrom\u00a9 zu beziehen. Die Heilstrom\u00a9Kraft ist als \u201eNur\u201c am Gl\u00e4nzen. Diese gesegnete Kraft ist zeitlos am strahlen. Es leuchtet Heilig, im Sinne des Wahrsten. Es bewirkt eine Neutralit\u00e4t auf die Materien. Diese Eigenschaft erm\u00f6glicht paradiesische Gaben, technisch auf der Erde zu realisieren.<\/p>\n\n\n\n<p>Alle anderen Wissenschaftler, welche diese Technologie herausgefunden haben und nicht Allah loben. Werden immer den Teufel damit folgen.  Die Ungerechten wird Allah niemals Leiten. Allah wird diese Verr\u00e4ter in eine furchtbare Falle leiten. Weil sie statt der 1 von Allah, an der 1 der Zeit festgehalten haben. Sobald die \u00d6ffentlichkeit die Wahrheit \u00fcber den Heilstrom\u00a9 tut erfahren. Wird Allah zweifelsfrei die \u00dcbermacht den Gl\u00e4ubigen geben.<\/p>\n\n\n\n<p>Abdullah, sag den Menschen, dass die Gl\u00e4ubigen sich f\u00fcr Allah lieben.<br>Auf ihren Stirnen steht in sch\u00f6nster Schrift, Allahuakbar geschrieben.<br>Ihr Prophet h\u00e4lt eine goldene Schale, dieses hat er Abdullah Mehdi gegeben.<\/p>\n\n\n<hr \/>\n\n\n<p><\/p>\n","protected":false},"excerpt":{"rendered":"<p>Heilstrom\u00a9 Technikvon Abdullah Mehdi Die Technik der Sch\u00f6pfung Die Heilstrom\u00a9 Technik funktioniert nach dem Ma\u00df der Sch\u00f6pfung. \u00dcber dieses Ma\u00df wird die Kraft der Dimension 9 so unterteilt, dass es in alle anderen Dimensionen kann eingreifen. Auch in die Dimension 1 der Zeit und seinen Richtungen. Mit dieser Technik, kann zum Beispiel die Neutralit\u00e4t der&hellip; <a class=\"more-link\" href=\"https:\/\/army-of-mahdi.com\/member\/heilstrom-technik\/\"><span class=\"screen-reader-text\">Heilstrom-Technik<\/span> weiterlesen<\/a><\/p>\n","protected":false},"author":1,"featured_media":0,"parent":0,"menu_order":0,"comment_status":"closed","ping_status":"closed","template":"","meta":{"footnotes":""},"class_list":["post-6676","page","type-page","status-publish","hentry","entry"],"_links":{"self":[{"href":"https:\/\/army-of-mahdi.com\/member\/wp-json\/wp\/v2\/pages\/6676","targetHints":{"allow":["GET"]}}],"collection":[{"href":"https:\/\/army-of-mahdi.com\/member\/wp-json\/wp\/v2\/pages"}],"about":[{"href":"https:\/\/army-of-mahdi.com\/member\/wp-json\/wp\/v2\/types\/page"}],"author":[{"embeddable":true,"href":"https:\/\/army-of-mahdi.com\/member\/wp-json\/wp\/v2\/users\/1"}],"replies":[{"embeddable":true,"href":"https:\/\/army-of-mahdi.com\/member\/wp-json\/wp\/v2\/comments?post=6676"}],"version-history":[{"count":193,"href":"https:\/\/army-of-mahdi.com\/member\/wp-json\/wp\/v2\/pages\/6676\/revisions"}],"predecessor-version":[{"id":7185,"href":"https:\/\/army-of-mahdi.com\/member\/wp-json\/wp\/v2\/pages\/6676\/revisions\/7185"}],"wp:attachment":[{"href":"https:\/\/army-of-mahdi.com\/member\/wp-json\/wp\/v2\/media?parent=6676"}],"curies":[{"name":"wp","href":"https:\/\/api.w.org\/{rel}","templated":true}]}}